001111101
What is -1111001100110000 (base 2) in base 13?
-2244c
-1278 (base 9) to base 13
-590
What is 102101 (base 4) in base 6?
5225
What is -12b (base 15) in base 5?
-2031
Convert 16500 (base 7) to base 10.
4704
What is 10 (base 7) in base 6?
11
Convert 315 (base 15) to base 13.
416
Convert -19a11 (base 13) to base 10.
-50038
Convert 24223 (base 7) to base 15.
1ce4
Convert 202 (base 11) to base 10.
244
What is -201100 (base 3) in base 16?
-20a
-100002 (base 4) to base 9
-1360
What is 2262 (base 7) in base 15?
3a3
-b8b9 (base 12) to base 6
-233553
-110210 (base 4) to base 9
-1722
1122 (base 5) to base 16
a2
What is -4c9 (base 13) in base 11?
-6a5
What is 461503 (base 7) in base 12?
3b701
What is -34 (base 15) in base 9?
-54
Convert 7acc (base 14) to base 6.
242500
Convert -25d (base 16) to base 5.
-4410
Convert -151454 (base 6) to base 12.
-858a
What is -20000212 (base 4) in base 13?
-11c17
23 (base 16) to base 12
2b
What is -1361 (base 11) in base 8?
-3341
142 (base 6) to base 15
42
What is -13672 (base 9) in base 4?
-2101103
1330 (base 4) to base 5
444
Convert 1698 (base 11) to base 16.
874
20120 (base 7) to base 6
34305
Convert 60b5 (base 14) to base 8.
40357
Convert 12210 (base 4) to base 6.
1540
-1022224 (base 5) to base 8
-41445
What is 23321 (base 4) in base 8?
1371
210135 (base 7) to base 14
d21c
-39 (base 14) to base 13
-3c
-2b7 (base 14) to base 16
-229
-747 (base 14) to base 10
-1435
Convert 1905 (base 15) to base 4.
1110131
What is 19067 (base 10) in base 4?
10221323
Convert -2000 (base 3) to base 6.
-130
-1355 (base 11) to base 5
-24004
Convert 4875 (base 10) to base 9.
6616
Convert -303b9 (base 13) to base 11.
-59963
-33541 (base 9) to base 15
-6927
2102 (base 4) to base 14
a6
What is -e7e8 (base 15) in base 14?
-13c31
Convert -2542 (base 7) to base 13.
-58c
What is 2172 (base 8) in base 14?
5bc
Convert -110110111111111 (base 2) to base 5.
-1400114
-2b48 (base 16) to base 9
-16171
What is 162743 (base 8) in base 16?
e5e3
What is -1100000111110010 (base 2) in base 16?
-c1f2
-11aa2 (base 11) to base 5
-1023134
689 (base 13) to base 6
5115
Convert -1321 (base 6) to base 4.
-11101
Convert 2120 (base 6) to base 4.
13200
What is 322351 (base 6) in base 10?
26491
-114143 (base 5) to base 9
-5805
What is -10005 (base 6) in base 4?
-110111
What is -3132100 (base 4) in base 11?
-a761
50e (base 16) to base 12
8ba
What is -10001101101011 (base 2) in base 14?
-3439
What is -10b51 (base 14) in base 15?
-c098
2934 (base 11) to base 2
111011001100
1150 (base 6) to base 15
13c
Convert -566 (base 15) to base 2.
-10011000101
What is -1892 (base 12) in base 4?
-232232
-22211022 (base 3) to base 6
-45442
What is 1000011100 (base 2) in base 11?
451
Convert 10101000011011 (base 2) to base 6.
121523
-17b16 (base 12) to base 4
-20122002
Convert 1099 (base 10) to base 12.
777
Convert -427b (base 15) to base 7.
-56003
-122 (base 7) to base 14
-49
What is -110111010001010 (base 2) in base 5?
-1401143
-14244 (base 9) to base 15
-2d04
Convert 1504 (base 8) to base 14.
43a
Convert 1a07 (base 15) to base 6.
42024
What is 131115 (base 6) in base 10?
11927
What is -316 (base 9) in base 7?
-516
Convert -26743 (base 8) to base 2.
-10110111100011
Convert -3edc (base 16) to base 2.
-11111011011100
ac27 (base 13) to base 10
24031
-1524 (base 6) to base 10
-412
229 (base 15) to base 5
3424
Convert -1ad (base 15) to base 11.
-323
131020 (base 5) to base 6
35435
Convert 1304 (base 13) to base 8.
5224
Convert -8779 (base 14) to base 9.
-35124
Convert -7899 (base 10) to base 7.
-32013
Convert 7861 (base 11) to base 2.
10100001110000
What is 431133 (base 5) in base 12?
84bb
1058 (base 11) to base 4
111302
757 (base 16) to base 4
131113
Convert 663 (base 10) to base 8.
1227
What is -7ee (base 16) in base 10?
-2030
1428 (base 9) to base 16
437
70b6 (base 14) to base 7
110316
-49 (base 16) to base 6
-201
What is -2512 (base 11) in base 10?
-3280
-8596 (base 14) to base 12
-11420
What is 22346 (base 9) in base 16?
3a11
What is -859 (base 10) in base 11?
-711
Convert 101561 (base 7) to base 3.
212220212
What is 21201 (base 6) in base 11?
218a
-1746 (base 16) to base 4
-1131012
What is 785 (base 9) in base 4?
22010
What is 379 (base 11) in base 4?
13001
What is -11330 (base 8) in base 15?
-1669
What is 10011010 (base 3) in base 14?
ba2
What is 693f (base 16) in base 10?
26943
Convert 31004 (base 5) to base 16.
7d4
What is 509 (base 11) in base 8?
1146
Convert -1554 (base 7) to base 6.
-2523
1022323 (base 4) to base 8
11273
Convert -595 (base 12) to base 2.
-1101000001
Convert 5514 (base 9) to base 3.
12120111
54a (base 11) to base 6
3015
-6746 (base 16) to base 5
-1321223
Convert -2401 (base 5) to base 2.
-101011111
-43236 (base 7) to base 4
-2220012
Convert 218d (base 14) to base 8.
13261
Convert -4240 (base 5) to base 9.
-703
Convert -10b60 (base 14) to base 4.
-21323100
Convert 2201 (base 5) to base 12.
211
1340 (base 6) to base 11
297
What is 3882 (base 9) in base 10?
2909
What is 85275 (base 9) in base 15?
11a78
Convert 3403 (base 6) to base 5.
11140
Convert 4170 (base 9) to base 10.
3060
What is 358 (base 12) in base 3?
200112
557 (base 16) to base 5
20432
Convert -64d (base 16) to base 7.
-4463
What is 10110110000101 (base 2) in base 11?
8834
Convert 41330 (base 5) to base 9.
3646
-203c1 (base 13) to base 6
-1123310
Convert 322041 (base 5) to base 10.
10896
Convert -1d36 (base 15) to base 12.
-3813
-101414 (base 5) to base 10
-3359
Convert -2600 (base 12) to base 16.
-10e0
Convert -122110000 (base 3) to base 8.
-30655
-209 (base 16) to base 14
-293
Convert 5a (base 13) to base 8.
113
101001000 (base 2) to base 6
1304
Convert -12243 (base 8) to base 3.
-21020200
-2100200 (base 3) to base 9
-2320
2542 (base 9) to base 6
12445
Convert -15d9 (base 14) to base 11.
-2a3a
What is -57576 (base 9) in base 8?
-112756
Convert 2143044 (base 5) to base 13.
13c73
What is -15d (base 16) in base 14?
-1ad
Convert -603 (base 7) to base 9.
-360
6012 (base 7) to base 11
160a
What is -1020211 (base 3) in base 12?
-641
What is 31303 (base 4) in base 14?
471
Convert 211202 (base 3) to base 4.
21212
What is 1b6c (base 13) in base 12?
2496
-b88 (base 12) to base 5
-23223
17d (base 15) to base 11
292
16562 (base 9) to base 8
26204
-1114 (base 8) to base 14
-300
What is -357 (base 12) in base 14?
-279
30565 (base 8) to base 10
12661
-a06e (base 16) to base 10
-41070
What is -101001100010110 (base 2) in base 7?
-116004
-32255 (base 6) to base 7
-15623
-218 (base 14) to base 3
-120100
Convert -5733 (base 8) to base 2.
-101111011011
-3247 (base 10) to base 15
-e67
What is 1031332 (base 4) in base 16?
137e
-1112 (base 3) to base 12
-35
What is 1100001012 (base 3) in base 5?
1320101
Convert -995 (base 10) to base 2.
-1111100011
-20a7 (base 12) to base 7
-13306
What is -26854 (base 9) in base 7?
-104020
What is 102100100 (base 3) in base 15?
26b6
Convert 2500 (base 7) to base 4.
32203
428 (base 9) to base 4
11132
Convert -1732 (base 9) to base 2.
-10100101101
Convert -113221 (base 4) to base 2.
-10111101001
What is -1010012 (base 3) in base 11?
-681
Convert -256a (base 14) to base 2.
-1100110100010
What is -980 (base 14) in base 9?
-2514
15445 (base 7) to base 16
10f9
Convert -1320 (base 6) to base 15.
-176
What is -8386 (base 10) in base 7?
-33310
-5102 (base 7) to base 11
-1366
32141 (base 5) to base 16
87b
-100011111 (base 2) to base 8
-437
Convert 51552 (base 6) to base 16.
1afc
What is -17454 (base 9) in base 15?
-3877
What is -1201 (base 6) in base 15?
-144
-112212 (base 3) to base 2
-110010001
3210 (base 5) to base 6
1554
What is 20000121 (base 3) in base 10?
4390
Convert 1a0 (base 12) to base 10.
264
Convert -a29 (base 14) to base 3.
-2201222
Convert -6240 (base 7) to base 3.
-2222220
What is 20023 (base 4) in base 2?
1000001011
562 (base 14) to base 6
4534
Convert 220000 (base 3) to base 14.
344
What is -1265 (base 11) in base 10?
-1644
-21084 (base 10) to base 8
-51134
Convert 27460 (base 11) to base 15.
b8ee
What is -134515 (base 6) in base 9?
-18402
What is -10ad (base 15) in base 8?
-6722
Convert 59a9 (base 13) to base 15.
3b30
-397 (base 11) to base 8
-725
What is -6543 (base 7) in base 3?
-10012110
-126 (base 7) to base 15
-49
Convert -21210 (base 3) to base 16.
-d2
-a16a (base 11) t